28*i + 5. What is k(2)?
7
Let a(u) = u**3 - 4*u**2 + u - 2. Suppose 11*n = 15 + 29. What is a(n)?
2
Let o(m) = -9*m**2 + 39*m - 15 + 10*m**2 - 46*m. What is o(11)?
29
Let z(b) be the second derivative of -7*b**3/6 - 5*b**2/2 + 103*b. Calculate z(-4).
23
Let b(j) be the first derivative of -3*j**2 + 1 - 5*j + 4*j - 2. Give b(2).
-13
Let x(p) = 34*p + 17. Let g(a) = -16*a - 8. Let q(u) = -13*g(u) - 6*x(u). What is q(5)?
22
Let a(p) = -9*p - 18. Let q(t) = -t. Let b(o) = -a(o) + 6*q(o). Determine b(-8).
-6
Suppose -130*g + 7 = -129*g. Let h(p) = 1 - 2*p + 4 + 4. Give h(g).
-5
Let p(b) be the second derivative of -1/2*b**3 + 0 - 6*b - 1/12*b**4 + 1/20*b**5 + b**2. Let y = 34 - 32. What is p(y)?
0
Let w(u) = -u**3 - 16*u**2 - 14*u + 13. Let r be w(-15). Let k(y) = 5*y - 2 + 7 + 0 - 7. Give k(r).
-12
Let i(b) be the second derivative of 0 + 0*b**2 - 48*b + 1/6*b**3. Determine i(10).
10
Let i(v) = 7*v**2 - 3*v - 7. Let y(j) = -20*j**2 + 9*j + 20. Let p(t) = 17*i(t) + 6*y(t). Suppose 2*m + 6 = -12. Let o be 1/3 - 15/m. What is p(o)?
3
Let c be 20/(-4)*(-4)/5. Let b(g) = -c*g - 4*g**2 - 7*g**3 - g**3 + 5*g**2 + 5*g. Suppose -2 = 8*r - 6*r. Determine b(r).
8
Let k(b) be the second derivative of -5*b**4/12 - b**3/6 + 158*b. Calculate k(1).
-6
Suppose -12 = 2*x + 5*b + 16, 0 = 3*x + 3*b + 33. Let r(f) = f**3 + 9*f**2 + 3*f + 17. Give r(x).
-10
Let f be 9/2*20/30. Let b(w) = w**2 + 2*w + 3. Give b(f).
18
Let c(q) = -q**3 + 3*q**2 + 4*q + 5. Let n be (3 - (1 - -2)) + 3. Suppose 3*l - u - 10 = -3*u, -2*l + n*u + 11 = 0. Calculate c(l).
5
Suppose -13 + 4 = -3*s. Let q be 58/(-18) + s + 158/(-18). Let i(x) = x + 11. Determine i(q).
2
Let m be 1 - 65/(-10)*6. Let o be 21*((-48)/(-7))/4. Let q(g) = -g**2 + 3*g**2 - o*g + m*g + 2. Calculate q(-3).
8
Let k = 35 - 32. Let s = k - -12. Let w = -21 + s. Let f(h) = -h + 5. Calculate f(w).
11
Let b(q) = q**2 - 6*q - 11. Suppose -17*d + 18*d - 8 = 0. Give b(d).
5
Let h(m) = m**3 + 2*m**2 + m + 2. Let o be h(0). Let a(u) be the first derivative of o*u - 2*u**2 + 1/3*u**3 - 4. Determine a(3).
-1
Let p(q) = -14*q**2. Let m be 6/8 + 1112/(-32). Let z be 4/m - 2/(-17). Suppose -2*b + 5*b - 3 = z. Give p(b).
-14
Let l(f) = -f**2 + 1. Let h(b) = -b**3 - 13*b**2 - 9*b + 1. Let t(x) = h(x) - 4*l(x). Let y = -857 + 849. What is t(y)?
5
Let k(z) be the first derivative of z**2 + 5*z - 4. Let n = 744 + -750. Give k(n).
-7
Let w(v) = v**2 - 11*v + 7. Let x(y) = 3*y**2 - 33*y + 21. Let z(t) = 17*w(t) - 6*x(t). Give z(8).
17
Let k(u) = -32*u + 32*u - 1 + u**2. Calculate k(0).
-1
Let x(g) be the third derivative of -g**5/30 - g**4/8 + g**3/3 - 13*g**2 + 3*g. Suppose 5*z - 3*z + 5*r = 29, -5*z = -5*r + 15. Determine x(z).
-12
Let b(u) be the third derivative of 1/120*u**6 - 1/2*u**3 + 0*u**4 - 2*u**2 - 1/12*u**5 + 0 + 0*u. Let s be (-7)/(105/(-72)) - (-5)/25. Determine b(s).
-3
Let s(a) = 2*a + a**2 - 3*a + 9 + 7 - 15. Let z(v) = 7*v**2 - 7*v + 3. Let w(j) = -5*s(j) + z(j). Determine w(3).
10
Let t(c) = -c. Let n(s) = 10*s + 2. Let u(f) = -n(f) - 6*t(f). What is u(-3)?
10
Suppose s = -4*i + 161, -2*i = -0*i - 3*s - 91. Suppose 5*c - 6 + i = 0. Let u(p) = p**3 + 8*p**2 + 8*p + 9. What is u(c)?
2
Let t(u) = u**2 + 4*u + 6. Let o be ((-75)/10)/15 - 7/2. Give t(o).
6
Let p(o) = -3*o**2 - 1. Let y(w) = -w**2 + 8*w - 16. Let k(d) = -d**3 + 11*d**2 - 15*d - 22. Let b be k(9). Let m be y(b). What is p(m)?
-4
Let x(r) be the second derivative of -r**4/12 - r**3/2 + r**2 - 35*r + 1. Give x(-4).
-2
Let f(y) = y**2 - 10*y + 7. Suppose -5*n - 32*m + 48 = -34*m, -4*n - 2*m + 24 = 0. Determine f(n).
-9
Let i(h) = h + 3. Let p(r) = -10*r + 23. Let w(v) = 3*i(v) + p(v). Determine w(5).
-3
Let h(u) be the first derivative of -u**6/360 + u**5/60 + 7*u**4/24 - 22*u**3/3 - 8. Let t(v) be the third derivative of h(v). What is t(6)?
-17
Let q(u) be the third derivative of -u**6/120 - 7*u**5/60 + 11*u**4/24 + 2*u**3/3 + u**2 - 269. Determine q(-8).
-20
Let w = 42 + -39. Let h(p) be the first derivative of -w + 1/2*p**2 + 5*p. Give h(0).
5
Let n = 33 + -31. Let k(c) = 5*c**n - 6*c**3 + 3*c**3 + 3*c**3 + c**3 + 4*c - 3. Calculate k(-4).
-3
Let w(a) = 158*a + 20 + 10 - 175*a + a**2 - 8. Give w(16).
6
Let f(h) = 293*h + 8*h**2 - 884*h + 297*h + 292*h + 1 + 0. Calculate f(2).
29
Let q(i) be the second derivative of -i**4/12 - i**3 - 3*i**2/2 - 379*i. Suppose 5*c = -31 - 4. Determine q(c).
-10
Let q(h) be the first derivative of 9*h**2/2 - 58*h + 47. Let g be q(7). Let k(v) = -v - 1. Let c(t) = 7*t + 1. Let w(r) = -c(r) - 6*k(r). Give w(g).
0
Let f(n) = 2*n**2 + 17*n - 24. Let r = -990 + 980. Calculate f(r).
6
Let p(c) = c**3 - 19*c**2 + 23*c - 21. Let x be p(18). Let s = 75 - x. Let y(l) = l**3 - 5*l**2 - 5*l - 2. Calculate y(s).
4
Let y(z) = 8*z**3 + z**2 - 7*z + 6. Let f(r) = r**3 + r - 1. Let l(w) = -6*f(w) - y(w). Determine l(1).
-14
Suppose i + 44 = 3*c - 4*i, 2*c - 5*i = 36. Let t = c - 11. Let u(m) = m**3 + 3*m**2 + 2*m - 2. Determine u(t).
-8
Let u be (-2 - -5 - (5 - -150)) + -2. Let s = u - -163. Let b(g) = -g**3 + 8*g**2 + 12*g. Give b(s).
27
Let f(n) = 24*n**2 - 9*n - 2. Let m(g) = -17*g**2 + 6*g + 1. Let w(z) = 5*f(z) + 7*m(z). Calculate w(4).
1
Let v(m) = -m. Let n(s) = 2*s**2 - s + 3. Let o(z) = n(z) - 6*v(z). What is o(-4)?
15
Suppose -5*w = -5 + 15. Let o(c) = 7*c**2 + 2*c - 1. Calculate o(w).
23
Let q = -271 - -264. Let a(o) = -2*o - 15. Determine a(q).
-1
Let t be 2 - (1 - -1 - -3). Let v(u) = u**2 + 3*u - 2. Let z be v(t). Let h = z - -3. Let s(x) = -3*x**3 + 2*x - 1. Determine s(h).
-2
Let c be (12/6)/1 + (-4)/(-1). Let o(b) = -4*b**2 + 3*b - 8. Let g(n) = 7*n**2 - 7*n + 15. Let m(u) = -3*g(u) - 5*o(u). Calculate m(c).
-5
Suppose 0 = -3*x + 5*j - 9, 4*x - 3*j - 14 = -5*j. Let f(o) = -x - 59*o + 122*o - 65*o. Suppose k + 4*i - 7 = 0, 0 = k + k + 4*i - 10. Determine f(k).
-8
Let h(t) be the first derivative of t**3/3 + 3*t + 1. Let y(a) be the first derivative of h(a). Let d be ((-12)/(-10))/(3/(-10)). Determine y(d).
-8
Let b(q) = -11*q - 7. Let z(h) = -13*h - 7. Let s(t) = -5*b(t) + 4*z(t). What is s(-8)?
-17
Let n(i) = 5*i**2 + 44*i + 1. Let j(l) = 3*l**2 + 29*l. Let u(s) = 8*j(s) - 5*n(s). What is u(12)?
-5
Let j(h) be the second derivative of -h**3/6 - 11*h**2/2 + 25*h. Give j(0).
-11
Let f(x) = x - 27. Let k(z) = 4. Let s(r) = -3*f(r) - 21*k(r). Give s(-5).
12
Let g = -11 + 17. Let x(c) = -7*c + 4. Let v(y) = 2 + 7 - 6 - 8*y. Let f(k) = 5*v(k) - 6*x(k). Determine f(g).
3
Let b(a) = -a**3 - 2*a**2 + 5*a - 3. Suppose -2*v - 20 = -3*v. Suppose 32*h = 27*h - v. Give b(h).
9
Let o(t) = -5*t - 9. Let b(x) = 2*x + 3. Let c(f) = -8*b(f) - 3*o(f). What is c(4)?
-1
Let p(y) = -3*y**3 + 2*y**2 + y + 2. Suppose 18 - 49 = -s - 3*w, 0 = 3*s - 2*w - 49. Let t = 21 - s. Determine p(t).
-12
Let b(k) = k**2 - 7*k + 8. Let w be b(6). Let n(c) = 6*c - 9 + 0*c**w - c + 2*c - c**2. Give n(6).
-3
Let p(h) be the third derivative of h**5/60 - h**4/24 - 6*h**2. Let l = -27 - -24. Let t be (-4)/l - (-4)/6. Give p(t).
2
Let g(l) = 3*l + 15. Let u(h) = -h - 7. Let m(t) = -2*g(t) - 5*u(t). Determine m(-6).
11
Let c be (-42)/(-18) - (-2)/3. Suppose c*o - 2 = -11. Let u = -2 + o. Let q(d) = -d**3 - 6*d**2 - 4*d - 2. Calculate q(u).
-7
Let q(k) be the third derivative of 1/24*k**4 - 13*k**2 + 7/60*k**5 - 1/2*k**3 - 1/120*k**6 + 0 + 0*k. Give q(7).
4
Let w(u) be the third derivative of u**6/120 - u**5/30 + u**4/24 - u**3/6 + 151*u**2. Calculate w(1).
-1
Let b(n) be the second derivative of -n**4/12 + 2*n**2 + 5*n. Let q be (7 - 5)/(-4)*-1*6. Calculate b(q).
-5
Let k be (4/(-12))/(1/(-9)). Let u(p) = 0 + p - k + 3*p**2 + 0*p - 2*p**2. Let v(j) = 4*j**2 + 4*j - 9. Let m(q) = 7*u(q) - 2*v(q). Determine m(0).
-3
Let r(m) = -13*m**3 - 30*m**2 - 30*m - 42. Let h(f) = -5*f**3 - 10*f**2 - 10*f - 14. Let d(a) = 8*h(a) - 3*r(a). Determine d(11).
3
Suppose -4*k - 3*h + 17 = 0, -2*k - 2*h + 7 = -3. Let n(q) be the second derivative of 1/20*q**5 + 1/2*q**4 + 0 + q**k + 7*q + 5/6*q**3. Determine n(-5).
2
Let l(w) = -w**3 - 7*w**2 - 6*w - 8. Let i(b) = 19*b + 32. Let j be i(-2). Determine l(j).
-8
Let h(c) be the third derivative of c**6/120 - 7*c**5/60 + c**4/24 - 5*c**3/6 + 83*c**2. Calculate h(7).
2
Let a(l) = -l**3 + 20*l**2 - 18*l + 23. Let i be a(19). Let v be ((-2)/6)/(7/i). L